3
Let y(d) = -d - 3. Let v be y(-6). Calculate the highest common factor of v and 6.
3
Let l(v) = -v**3 - 7*v**2 - v + 2. Let u(j) = -j**2 - j + 5. Let c be u(-4). Let x be l(c). Calculate the highest common factor of x and 3.
3
Let g(a) = 11*a**2 + 5*a + 7. Suppose -3*n + m + m - 13 = 0, 2*n + 10 = 2*m. Let j be g(n). Calculate the greatest common divisor of j and 13.
13
Let f = 41 - 22. What is the highest common factor of f and 209?
19
Let g = 23 + -19. Suppose 0 = -3*w - g*l + 55, l - 103 = -5*w - 0*l. What is the greatest common factor of 168 and w?
21
Let i be 3/2 + 441/6. Suppose 4*v + 14 = 50. Suppose v*t - i = 6*t. Calculate the greatest common factor of 10 and t.
5
Let p be (12/(-42) + (-40)/7)*-2. Suppose -24 = -4*j + 2*l, -4*j = -2*j - 3*l - 20. What is the highest common divisor of j and p?
4
Suppose h = 29 + 39. Let m be 8/20 + h/5. Calculate the greatest common divisor of m and 21.
7
Suppose 0 = b + 3*b + 16. Let h be (-7)/2 - 2/b. Let s be -1 - (1 + h + -7). What is the highest common divisor of 4 and s?
4
Let q(y) = -17*y - 9. Let f be q(-7). Let m = 10 + 12. Calculate the highest common factor of m and f.
22
Suppose 5*n = -5*c + 15, -n = 5*c - 2*n - 33. Calculate the greatest common divisor of c and 48.
6
Suppose 3*r - 4*g + 670 = 0, -5*g + 587 = -2*r + 138. Let z = -150 - r. Calculate the highest common divisor of z and 8.
8
Let g(i) = -i + 6. Let b(a) = -a + 1. Let o be b(4). Let s be g(o). What is the greatest common divisor of 18 and s?
9
Let x be 3/(-9) + (-100)/(-12). Suppose -3*k + 2*k = -16. What is the greatest common divisor of k and x?
8
Let i be (-54)/(-36) + 986/4. What is the highest common factor of i and 62?
62
Let q be 2/(-3)*(-9)/(-6). Let m be (3 + -6 + q)*-1. Calculate the highest common factor of 28 and m.
4
Let d be (384/(-120))/(4/(-30)). Calculate the highest common factor of d and 120.
24
Suppose -50 = -4*v + 3*w + 13, 5*w = 5*v - 85. Suppose -2*l + 48 = 36. Calculate the highest common divisor of v and l.
6
Suppose -5*z - 35 = -0. Let l(k) = -k**2 - 9*k - 8. Let h be l(z). Calculate the highest common factor of h and 54.
6
Let b(v) = v**3 + 11*v**2 + 10*v + 4. Let s be b(-10). Suppose 0 = -4*w + a + 21, s*w - a - 15 = 2*a. What is the highest common factor of w and 4?
2
Suppose 5*m = -4*a + 130, 2*m + 2*m - 73 = 3*a. Calculate the greatest common divisor of 198 and m.
22
Let t be (0 + 1)/((-2)/(-464)). Calculate the greatest common divisor of t and 29.
29
Suppose 2*q - 60 = -3*f - q, 2*f = -3*q + 39. Let h be 94/7 + 32/56. Calculate the highest common factor of h and f.
7
Let d be 28 - (2 - 4) - 0. Let w be (10/(-5))/((-4)/d). Let k(j) = 8*j - 1. Let i be k(2). What is the highest common factor of w and i?
15
Let r = 4 + -6. Let a be 315/6 + r/(-4). Suppose 0 = 5*y + 8 - a. What is the highest common factor of y and 1?
1
Let i(t) = 2*t**2 - 2*t - 2. Let o be i(2). Suppose -o*a - 54 = -180. Let w(v) = -v**2 + v + 9. Let z be w(0). What is the greatest common divisor of z and a?
9
Let j = -48 + 93. What is the highest common factor of j and 18?
9
Let x = -9 - -29. Calculate the highest common factor of 4 and x.
4
Let p(r) = 3*r - 12. Let v be p(10). Calculate the highest common factor of 18 and v.
18
Let b be ((-18)/(-4) + -2)*2. Suppose -b*n - 1 + 66 = 0. What is the greatest common divisor of n and 117?
13
Let w(r) = r**3 - 3*r**2 - 2*r + 7. Let q be w(4). Suppose -3*n - 3*p = -0*p - 120, -4*n = p - 175. What is the greatest common divisor of n and q?
15
Let y = -2 - -15. Let z = y + -10. Suppose -3*u - 6*k = -z*k - 93, -u + 35 = -3*k. What is the highest common divisor of 8 and u?
8
Suppose -5*i - 2*w = 21, -4*i + 2*i - 3 = -w. Let t be 0*(-1)/i - -18. What is the greatest common divisor of 180 and t?
18
Let k(r) = 8*r + 2. Let m be k(-4). Let u be (-3 + -1)*m/8. What is the highest common factor of u and 45?
15
Let t(c) = 4*c - 2. Let u be 2/3 - (-56)/24. Let f be t(u). Suppose -3*m - 5*w = -0 - 30, -5*m - 4*w = -50. What is the greatest common factor of m and f?
10
Suppose 2*n + n = -9. Let k be 11/4 - n/12. Let a be 86 + -2*k/3. What is the greatest common divisor of 14 and a?
14
Suppose 0 = 2*v - 13 + 7. Suppose -v*h - 9 = -5*k - 4, -2*k + 18 = 2*h. What is the greatest common divisor of h and 55?
5
Suppose -5*w + 19 + 11 = 0. Let z be 92/5 - w/15. Calculate the greatest common divisor of z and 6.
6
Suppose -3*b - 30 = 2*b. Let h be ((-21)/b)/(-7)*-126. What is the highest common divisor of 7 and h?
7
Let x = 5 + 19. Let v(f) = -f**2 - 8*f. Let z be v(-4). Calculate the greatest common factor of z and x.
8
Let r be -2*1/4*-38. Let d be ((-4)/(-2))/(3/57). What is the highest common divisor of d and r?
19
Let u be 5/((-2)/(-10) - 0). Let b(y) = -y**3 - 2*y**2 + 2*y + 2. Let a be b(2). Let v = a - -15. Calculate the highest common divisor of v and u.
5
Let m be -2 + (2 - -3) + 34. Let b = m + -20. Calculate the highest common divisor of b and 34.
17
Suppose 4*i = -2*q + 496, -2*q = -q - 3*i - 233. Let t = -241 - -263. Calculate the greatest common divisor of t and q.
22
Let u be 570/8 + -2 - 51/(-68). Let d(f) = -f**3 - 3*f**2 - 4*f - 2. Let o be d(-3). What is the greatest common divisor of u and o?
10
Suppose -3*t + 63 - 18 = 0. Calculate the greatest common factor of 135 and t.
15
Let r be 12/15 - 168/(-15). Calculate the greatest common divisor of 96 and r.
12
Suppose 0*u - 24 = -6*u. What is the highest common factor of u and 6?
2
Suppose 5*j = 1063 - 343. Suppose 314 = 2*i + 3*s, i - s - 4*s = j. What is the greatest common divisor of 14 and i?
14
Suppose -2*c - 4 = -10. Let w be (-105)/(-6) - c/6. Calculate the highest common factor of 153 and w.
17
Let x be (-2 - (-4 - 29)) + -3. Calculate the greatest common factor of x and 140.
28
Let x be (-12)/(-7) + 22/77. Suppose p + 2*s = -s - 7, -s = -2*p + 14. Calculate the highest common factor of p and x.
1
Suppose -3*v = -0*t - 5*t + 125, 0 = t + 3*v - 7. Calculate the highest common divisor of t and 66.
22
Let v be 252/66 + 4/22. Suppose 0 = -v*g - l + 27, g - 4*l - 18 = -7. What is the greatest common divisor of 77 and g?
7
Let k(g) = g**2 - 8*g. Let j be k(4). Let b = j - -29. What is the greatest common factor of 13 and b?
13
Suppose 5*g = -o + 32, -2*o + 7*g - 4*g - 1 = 0. What is the highest common divisor of o and 7?
7
Suppose -4 = -u - 1. Let z = -4 + 25. Calculate the highest common divisor of z and u.
3
Let d(k) = k**2 + k - 15. Let p be d(0). Let h = 18 + p. Suppose 0 = -3*j + 12 - 3. What is the highest common factor of h and j?
3
Suppose 0 = 3*p - 59 + 11. Let w = p + -9. What is the highest common factor of w and 77?
7
Let t(p) = -p**3 + 10*p**2 - 8*p - 5. Suppose -5*i = -2*i - 27. Let z be t(i). What is the highest common divisor of z and 2?
2
Let q be 9 + (-2)/1 + -1. Let r(w) = 2*w + 4. Let l be r(q). What is the highest common factor of 2 and l?
2
Suppose -17*h - 10 = -18*h. What is the highest common factor of h and 35?
5
Suppose 165 = 5*i - 3*k, -2*k + 25 = 4*i - 85. Let l(o) = -o**3 - 3*o**2 + 2*o - 2. Let y be l(-4). What is the greatest common factor of i and y?
6
Let o(x) = x - 9. Let a be o(21). Calculate the greatest common factor of 12 and a.
12
Let g = -26 - -44. Suppose -4*l + 6*l - 80 = 0. Suppose l = n - 2*j, 4*n = 4*j - 52 + 204. What is the highest common divisor of g and n?
18
Let i(v) = -v**3 + 5*v**2 + 7*v - 5. Let g be i(6). Let o be g/(3*(-1)/(-6)). Suppose -l = o - 5. What is the greatest common divisor of 24 and l?
3
Let a = 15 + -1. Suppose 0 = 3*h + j + 2784, -3*j = h - 2*j + 928. Let x be (-8)/12 - h/6. What is the highest common factor of a and x?
14
Let j be ((-1)/(-1) - 0) + 15. Let g(o) = -o - 4. Let b be g(3). Let z = b + j. What is the highest common factor of z and 9?
9
Suppose 0*l - 2*l - k + 44 = 0, 4*k + 8 = 0. Let h = l + -11. What is the highest common divisor of 60 and h?
12
Let j be 286*(84/8)/7. Let a = 44 - 11. Let x be ((-11)/a)/((-1)/j). What is the greatest common divisor of 13 and x?
13
Suppose 27 = -t + 2. Let n = t + 96. Let i = 121 - n. What is the highest common divisor of 20 and i?
10
Suppose -x - 3*o + 19 = -20, 0 = -5*x - o + 167. What is the highest common factor of x and 22?
11
Let r(n) = 4*n - 1. Suppose 6 = -z + 4. Let j be 2/z + (-2 - -5). Let q be r(j). Calculate t